e the prime factors of n?
17, 19
Let i(w) = 3*w**2 - 14*w - 6. Let x(n) = -n**2 + n + 1. Let f(s) = -i(s) - 4*x(s). Let d be f(-10). Let l(u) = 12*u + 1. List the prime factors of l(d).
5
Suppose 2*k + 22 = 188. Let n = k - 24. List the prime factors of n.
59
Suppose 2*s = 5*r + 31, -2*s + 4*r + 18 = -8. Let u(w) = w**2 + 7. Let t be u(-5). Suppose n = -f + t + 27, s*f - 152 = 2*n. What are the prime factors of f?
2, 3
Let d(g) = 11*g**2 - 3*g + 1. What are the prime factors of d(12)?
1549
Suppose 9*h - 15*h = -9*h. Suppose h = -13*c + 1426 + 1096. What are the prime factors of c?
2, 97
Suppose i - 4*i = -9. Suppose 0 = -2*d + i*d. Suppose d = 5*l - 169 - 71. List the prime factors of l.
2, 3
Suppose -4*d + 644 = 4*i - 2724, 4*d + 8 = 0. What are the prime factors of i/16 + 2/8?
53
Suppose 3*v + 880 = 4*k, -4*v - 247 = -k - 40. What are the prime factors of k?
223
Suppose 5*w = -38 + 13, 2*k - 2*w = 18. Let n(d) = 2*d**2 + d. What are the prime factors of n(k)?
2, 3
Suppose -98*a + 5360 = -93*a. What are the prime factors of a?
2, 67
Let h = -5 - -11. Let i = 13 - h. Suppose i*l = 5*l + 16. What are the prime factors of l?
2
Let v(p) = 4*p - 3*p - 31 - p**2 - 17*p + p. What are the prime factors of v(-10)?
19
Suppose 58 = 2*l - y, 5*l + 3*y - 160 = -2*y. Let c(o) = 2*o - 34. Let u be c(18). Suppose i - l = -u*i. List the prime factors of i.
2, 5
Suppose -2*t - 2*t = -2*g - 702, 703 = 4*t - g. Suppose -780 = -5*s + 5*y, s - 5*y + 12 = t. List the prime factors of s.
2, 7, 11
Let w(u) = -u**2 + 2*u + 3. Let j be w(3). Let n be 0*(3 + -2 + j). Suppose 2*z - 78 = q, -4*z + 4*q + 148 = -n*q. List the prime factors of z.
41
Suppose -5*i - 33 + 8 = 0. Let a = i - -13. Suppose -75 = -a*k + 3*k. List the prime factors of k.
3, 5
What are the prime factors of 0/3 + -1 - (-148 - -23)?
2, 31
Suppose f - 57 = -5*t, 4*t + 2*f - 36 = 6*f. What are the prime factors of t?
11
Let d = 74 + -4. Let l = d - 111. What are the prime factors of ((-2 + 3)*l)/(-1)?
41
Suppose -5*a = -3*a - 70. Suppose -a*c = -39*c + 236. What are the prime factors of c?
59
Let i be 3/15 + (-57)/(-15). Suppose -5 - 11 = -i*p. What are the prime factors of (-203)/(-3) + p/12?
2, 17
Let t(a) = 13*a - 1. Let i(w) = 2*w - 5. Let j be i(3). Let v be t(j). Suppose -v - 12 = -p. What are the prime factors of p?
2, 3
Let m(l) = -l - 7. Let u be m(-7). Let h(t) = -t**3 + 64. Let z be h(u). Suppose -z = 8*v - 10*v. What are the prime factors of v?
2
Let f(w) = 16*w**2 + 9. Let n be f(-6). Suppose n = 4*l + 5*x, 2*l = 5*l - x - 415. List the prime factors of l.
2, 5, 7
Let i = 374 + 235. What are the prime factors of i?
3, 7, 29
Let p = 18 + -11. Suppose p*j - 203 = 238. List the prime factors of j.
3, 7
Let g be (-5 + 3)*(-38)/4. Suppose -4*z + g = 4*k - 7*z, 2*k = -2*z + 6. List the prime factors of k - (-30 - 8/(-2)).
2, 3, 5
List the prime factors of (-127575)/(-28) - (-1 + 3/12).
3, 7, 31
Let j = -30 - -33. Suppose -9 + 63 = j*a. List the prime factors of a.
2, 3
Suppose -2*w = 5*p - 3247, -3*p - 2*w = -2084 + 139. What are the prime factors of p?
3, 7, 31
Suppose -41*b = -39*b - 610. List the prime factors of b.
5, 61
Suppose 5*v = -s - 154, 5*v - s = 2*v - 86. What are the prime factors of 2/(-6) - 130/v?
2
Suppose -2*q - 2*w + 3784 = 0, -5*w + 5676 = -q + 4*q. What are the prime factors of q?
2, 11, 43
Suppose 2*s = 3*s - 4. Let o(l) = l**3 - 2*l**2 - 7*l + 5. Let w be o(s). Suppose -3*r + w = 3*d, -d + 3 = -2*r + 5*r. List the prime factors of d.
3
Let m be (-3)/(-1 + 0)*1. Let r be (-70)/(-15) - m/(-9). Suppose 25 = 6*i - r*i. List the prime factors of i.
5
Let f(l) = l**2 + 22*l - 45. What are the prime factors of f(-24)?
3
Suppose 0 = -3*b + 4*b - 9. Suppose -3*h - 3 = b. What are the prime factors of 1/(h/12) - -31?
2, 7
Let s = -326 - -565. List the prime factors of s.
239
Let c = -46 + 23. Suppose -1 = 2*j - 73. Let l = j + c. What are the prime factors of l?
13
Let v = 158 - -450. What are the prime factors of v?
2, 19
Let y be (-9)/(-2)*50/(-15). Let b be (y/9)/(1/(-3)). Suppose -b*u + 6 = -4*u. List the prime factors of u.
2, 3
Let s(q) = 2*q**2 - 16*q + 56. What are the prime factors of s(-14)?
2, 3, 7
Let k(a) = -a + 7. Let y(d) = -2*d**2 - 10*d + 3. Let z be y(-5). Let n be k(z). Suppose 0 = 4*m - 16, 3*b + m - 5*m = -n. List the prime factors of b.
2
Let b = -230 - -99. Let p = 232 + b. What are the prime factors of p?
101
Suppose -562 = -w - 4*q + 605, -2*w + 2269 = -5*q. List the prime factors of w.
31, 37
Let n = 7 - -17. Let y = n - -3. What are the prime factors of y?
3
Suppose 4*c = 4*l - 7172, -14*c = -18*c. List the prime factors of l.
11, 163
Suppose -2*z = -569 - 3. Let u = -85 + z. List the prime factors of u.
3, 67
Suppose -a + 6 - 1 = 0. Suppose -2*z - 3 = -a. List the prime factors of -4*-2*(z + 0).
2
Suppose 8*w = 12*w + 20, -2*g + 665 = -w. What are the prime factors of g?
2, 3, 5, 11
Let p = 6 - 6. Suppose 0 = 4*h + 5*z - 228, p = 2*h + 2*z - 47 - 65. Suppose 0 = -4*t + h + 160. List the prime factors of t.
53
Let t(l) be the third derivative of -1/120*l**6 + 10*l**2 + 0*l + 0 - 7/60*l**5 + 1/6*l**4 - 2/3*l**3. What are the prime factors of t(-8)?
2, 7
Let y(n) = 3*n - 1. Let u be y(2). Suppose 2*m + 319 = -5*o, 323 - 1137 = 5*m - 4*o. List the prime factors of u/(-20) - m/8.
2, 5
Let j(p) = 4*p - 9. Let l(s) = 3*s**2 + s - 8. Let o(d) = -d**2 + 3. Let w(i) = -6*l(i) - 17*o(i). Let f be w(-3). What are the prime factors of j(f)?
3, 5
Let b(k) = -11 + 6*k - 3*k - 6. Let d be b(5). What are the prime factors of d/((-4)/27)*4?
2, 3
Suppose 4*m + 2*w - 1 = 11, -3 = m + 2*w. Suppose 6 = -4*a + m*a. What are the prime factors of a?
2, 3
Let u = -3 - 12. Let a be 118/10 + u/(-75). Let y = 22 - a. List the prime factors of y.
2, 5
Let b(l) be the second derivative of -3*l**3/2 - 7*l**2/2 + l. Suppose 0 = -5*i + v - 30, 4*i + v - 1 = -16. List the prime factors of b(i).
2, 19
Suppose -3*j = 2*c - 3287, 7*j + 3*c - 5479 = 2*j. What are the prime factors of j?
1097
Suppose 3*s - 1222 - 1670 = 0. List the prime factors of s.
2, 241
Let w = 22 + -29. What are the prime factors of -2 + 153/21 + 2/w?
5
Suppose -4*s = -5*u + 6*u - 583, -4*s + 8 = 0. List the prime factors of u.
5, 23
Let g(o) = 7*o. Let h = 5 - 1. Let k be ((-2)/h)/(2/(-12)). List the prime factors of g(k).
3, 7
Let u = 5191 - 3662. List the prime factors of u.
11, 139
Let o = 0 - 6. Let w(z) = z - 3. Let t(x) = 2*x - 5. Let h(l) = 3*t(l) - 7*w(l). What are the prime factors of h(o)?
2, 3
Let r = 113 - 32. Let c be (-243)/(-4) - 5/(-20). Suppose -2*v - 5*y = -2*y - c, r = 3*v + y. What are the prime factors of v?
2, 13
Suppose 83*i + 3318 = 89*i. What are the prime factors of i?
7, 79
Let k(r) = -r**3 - 17*r**2 - 19*r - 44. Let v be k(-16). Suppose -v*n + 748 = 160. What are the prime factors of n?
3, 7
Suppose 324 = 3*w - 327. Suppose -5*l = -4*d + 872, -2*d - l + 667 - w = 0. List the prime factors of d.
223
Suppose -2*j + 9 = 3*o - 0*o, 3*o + 5*j - 9 = 0. Let h(v) = -v**3 + 3*v**2 + 4*v - 3. Let b be h(o). Suppose 0 = -g + 34 + b. List the prime factors of g.
43
Let o = -34 + 36. Suppose o*n + 2*f - 362 = 0, 3*f = 2*n + 2*f - 362. What are the prime factors of n?
181
Suppose y = -2*u + 812, 0 = -u + 4*y + 75 + 322. What are the prime factors of u?
3, 5
Suppose -1136 - 2980 = -14*p. What are the prime factors of p?
2, 3, 7
Suppose -2*b - b = o - 11, 1 = 3*b - 4*o. Suppose -6*u + 24 = -b*u. What are the prime factors of (10/u)/(4/144)?
3, 5
Let u(j) = 9*j. Let c be (-35)/15*-2*9. Let p(d) = -77*d. Let a(g) = c*u(g) + 5*p(g). What are the prime factors of a(-4)?
2, 7
Suppose -3 = -m + 3*f, -6*f + 4*f - 12 = -4*m. Suppose m*c = -c + 304. Let o = c + -54. List the prime factors of o.
2, 11
Let c(h) = h + 6. Let g be c(-4). Suppose -39 = -g*m - 15. What are the prime factors of (-98)/21*m/(-2)?
2, 7
List the prime factors of (-6)/(-8)*-4 - 534/(-2).
2, 3, 11
Let m be 22 + 3 + (-11 - -3). Suppose 3690 = m*n + 1429. List the prime factors of n.
7, 19
Suppose 0 = -4*r + 4*w + 32, 4*r + 5*w + 11 = -2. Suppose 0 = 2*n - r*n - 2, 5*n = p - 13. What are the prime factors of p?
3
Let b be 8*(3 + 10/(-4)). Suppose 0 = b*f - 106 + 22. Suppose 21 = n - 5*p, 0 = -5*n - 6*p + 3*p + f. What are the prime factors of n?
